e remainder when c is divided by s?
10
Suppose 308 = 3*t - y, y + 268 = 5*t - 242. Calculate the remainder when 1501 is divided by t.
87
Let b be (-536)/5 - (-1)/5. Let x = 162 + b. Suppose -4*w - 3*o + 867 = 0, 47*o - 3 = 44*o. Calculate the remainder when w is divided by x.
51
Let b(f) = -f**2 + 8*f + 4. Let h be b(8). Let s = -62 + 68. Suppose -48 = -s*k + h*k. What is the remainder when k is divided by 15?
9
Let k = 3794 - 3752. Calculate the remainder when 1966 is divided by k.
34
Let y = 75 + -86. Calculate the remainder when (1 + 1)/(y - -9) - -13 is divided by 5.
2
Let f = 31 + -11. Calculate the remainder when 135 is divided by (-603)/(-15) + 56/f + -2.
12
Suppose 12*l - 2220 = 372. Let q = l - 181. What is the remainder when 60 is divided by q?
25
Let t = -10591 + 10596. What is the remainder when 2449 is divided by t?
4
Let n = 9843 + -7929. Calculate the remainder when n is divided by 630.
24
Let u = 4 - -8. What is the remainder when (-47)/4*(u + -52) is divided by 43?
40
What is the remainder when 564 - ((-5)/(-135)*75 - 20/(-90)) is divided by 140?
1
Suppose 3*g = -4*c + 3570, -7*g = -3*g - c - 4779. What is the remainder when g is divided by 19?
16
Suppose 7 + 95 = -3*r. Let g = r + 88. Let y = -40 + 59. Calculate the remainder when g is divided by y.
16
Calculate the remainder when 1731 is divided by 130/(-234) + (-164)/(-36).
3
Let k(x) = 4*x + 109. Suppose 0*l - 74 = 5*l + 4*u, 0 = -4*l - 5*u - 61. Let v = -25 - -44. Calculate the remainder when k(l) is divided by v.
15
Suppose -5*d = -10, 2*p = 4*d - 6 + 2. Suppose -24 = -m - 4*t + 28, 0 = -p*m + 4*t + 44. What is the remainder when m is divided by 7?
4
Suppose 0 = 202*u - 170*u - 96. What is the remainder when u is divided by -14 + 18 - (-6)/(-2)?
0
Suppose -87*s + 9729 = -18*s. What is the remainder when s is divided by 31?
17
Let l = 241 - 258. Let k = 203 - l. What is the remainder when k is divided by 16?
12
Suppose -6*r = -11*r + 460. Suppose -3*q = -9*q. Suppose 26*j - 30*j + 76 = q. Calculate the remainder when r is divided by j.
16
Let q(t) = 6*t + 2*t + 1837 - 1736. Calculate the remainder when 232 is divided by q(-11).
11
Let i(x) = -x**3 + 39*x**2 - 86*x + 459. What is the remainder when 659 is divided by i(37)?
14
Let c = 2700 - 2203. Calculate the remainder when c is divided by 21.
14
Let s(b) be the first derivative of 2*b**3/3 - 22*b + 9. What is the remainder when 88 is divided by s(4)?
8
Suppose 4*l + 50 = 3*r - 4, 3*r = -5*l + 54. Suppose -c - 95 = -2*c. Let q = c + -7. What is the remainder when q is divided by r?
16
Suppose -2*l - 23 = 5*g - 147, -3*g + 2*l + 68 = 0. Suppose 32*m + 12*m = 3300. What is the remainder when m is divided by g?
3
Suppose 0 = -5*p - 5, -p = 47*l - 44*l - 28976. Calculate the remainder when l is divided by 46.
45
Suppose 3947*p = 3964*p - 333047. Calculate the remainder when p is divided by 8.
7
Let h = -502 - -750. Suppose h = 2*j + 6*j. Suppose a = -3*a + 488. Calculate the remainder when a is divided by j.
29
Let v(x) = 3*x**3 - 4*x**2 - 2*x + 5. Let h be v(2). Let w(t) = -t + 35. Calculate the remainder when w(h) is divided by 7.
5
Suppose -5*f = -a + 4*a + 181, -3*f - a - 111 = 0. Let b = 37 + f. Calculate the remainder when (0 - (-738)/24) + b/(-4) is divided by 11.
9
Suppose -608686 + 2607504 = 481*x + 145*x. What is the remainder when x is divided by 123?
118
Let r(x) = 5*x**2 - 1. Suppose -239 = 2891*t - 11803. What is the remainder when r(6) is divided by t?
3
Suppose 5*c = -4*j, 0*j = j. Suppose -l + 3*l - 88 = 2*r, 5*r + 20 = c. Suppose 3*u + z - 10 = l, 88 = 5*u - 3*z. What is the remainder when 23 is divided by u?
6
Let r(s) = 32*s - 3. Let h(q) = 4*q**2 + 7*q - 12. Let g be h(-5). Suppose g*c - 57*c + 64 = 0. What is the remainder when r(2) is divided by c?
13
Let a(x) = 12*x**2 - 223*x - 669. Calculate the remainder when 143 is divided by a(-3).
35
Calculate the remainder when 1406 is divided by (12/26)/3 + 3708/234.
14
Let l = 4097 + -4079. What is the remainder when 2174 is divided by l?
14
Suppose 2*j + r = 46, -3*j - 2*r = 7 - 76. Calculate the remainder when 32/240 + 2/(60/2486) is divided by j.
14
Suppose 135 = 5*z + 3*u, -1 = 2*u + 9. Suppose -3*d = 15 - z. Suppose 3*c - 61 - 128 = -d*b, 0 = c - b - 63. Calculate the remainder when c is divided by 8.
7
Let a(c) = -c. Let v be (114/30 - 3)/((-4)/10). Let n be a(v). Suppose h + 117 = n*h. What is the remainder when h is divided by 30?
27
Suppose 4*r - 2305*d = -2308*d + 250, 4*r - 4*d = 236. What is the remainder when 1367 is divided by r?
25
Let s(g) = 86*g**2 - 2*g - 1. Suppose -70*a = -76*a + 324. Suppose 4*r = -3*c + 75, 2*r + 5*c = -a + 95. Calculate the remainder when s(-1) is divided by r.
15
Let u = -140 - -134. Calculate the remainder when (57/u - (3 - 0))*-10 is divided by 14.
13
Suppose -t = -4, -u + 6*t + 34 = 3*t. What is the remainder when 65 is divided by u?
19
Let a be (2 - (-826)/6) + 4/(-6). Suppose -z - a = -158. What is the remainder when 151 is divided by z?
18
Suppose 20*x - 89 = 71. Let v(t) = -22*t + 5. What is the remainder when v(-4) is divided by (-28)/x*224/(-49)?
13
Suppose 2*i - 24 = 3*p, -9 = -3*p + 2*p - 5*i. Calculate the remainder when 472 is divided by 28/p*(-24)/7 + -5.
10
What is the remainder when 4277 is divided by (272/204)/(1/30)?
37
Suppose 180 + 408 = 6*l. Suppose 3*z - 252 = 3*n, -2*z + 0*z + 5*n + 153 = 0. Let d = -56 + z. Calculate the remainder when l is divided by d.
32
Suppose -24*m = 80 - 344. Let a(o) = o**2 - 6*o - 21. Let b(l) = -2*l**2 + 15*l + 4. Let s be b(8). What is the remainder when a(s) is divided by m?
8
Suppose 100 = -2*y - 12*y + 2732. Calculate the remainder when 429 is divided by y.
53
Let m(c) = c**3 - 11*c**2 + 21*c. Let f be m(6). Calculate the remainder when (-9)/(-6)*(-232)/(-6) is divided by ((-27)/6)/(f/144).
10
What is the remainder when 21/112 - 127208/(-128) is divided by 62?
2
Let n(s) = -6*s**2 + 54*s - 22. Let c(y) = -y. Let w(k) = -10*c(k) + n(k). Calculate the remainder when w(10) is divided by 5.
3
Let r be 14/2 - (1 + 4). Suppose -r*y + y + 3*a = -196, -y = -5*a - 188. Calculate the remainder when y is divided by 21.
19
Suppose -48*a = -43*a - 190. Let v = -133 - -263. Calculate the remainder when v is divided by a.
16
Let w(v) = -2595*v + 18171. What is the remainder when 1859 is divided by w(7)?
5
Suppose 92680 = -46*c + 108976 + 155698. What is the remainder when c is divided by 68?
67
Let x = -37857 + 37906. Calculate the remainder when 430 is divided by x.
38
Let q be (-22)/(-121) + 26/(-143). Suppose -2*w + 102 = -0*w. Suppose -20*d + 17*d + w = q. Calculate the remainder when 48 is divided by d.
14
Suppose -3*a + 244 = 3*u + 46, -2*u + 3*a = -122. Let k = 76 - u. Suppose -46*z + 43*z + k = 0. Calculate the remainder when z is divided by 3.
1
Let u = -18728 - -20102. Calculate the remainder when u is divided by 280.
254
Let w(x) = x + 16. Let b be w(-14). Suppose 0 = b*q - 0*q - 260. What is the remainder when q is divided by 5 + 190/(-40) + 393/12?
31
Suppose -z + 1 = 0, v = 3955*z - 3956*z + 8148. Calculate the remainder when v is divided by 29.
27
Let p(m) = -11*m + 4*m + 15*m - 28. Let d be p(4). Suppose -63 = -d*g + 3*k, 7*k - 10 = -g + 2*k. What is the remainder when 57 is divided by g?
12
Calculate the remainder when (-19998)/(-11) + -1 + -7 is divided by 37.
34
Let v(a) = 141*a. Let n be v(1). Suppose -n = -2*p - 51. Calculate the remainder when p is divided by (36/63)/((15 - 12) + (-125)/42).
21
Let g(y) be the first derivative of -1/3*y**3 + 11*y - 9/2*y**2 - 4. Calculate the remainder when g(-6) is divided by 8.
5
Suppose 4*n - 3*n - 2*b = 71, 4*n = -b + 266. Let g = n + -40. Let f = -10 + g. Calculate the remainder when f is divided by 9.
8
Let x(l) = l**2 + 5*l - 6. Let o be x(-6). Suppose o*c - 40 = -5*c. What is the remainder when (4 - 0) + 3 + c is divided by 6?
3
Let k(w) = 21*w - 4. Let p be k(0). Calculate the remainder when (-91 - 9/(-1))*2/p is divided by 22.
19
Suppose -3*d + 228 = 222. Calculate the remainder when 1/(-3)*(-24 - 9) - -1 is divided by d.
0
Let a = -522 - -1017. What is the remainder when 790 is divided by (a/45)/(2/8)?
42
Suppose -850 = -2*w - 4*o, -w - 31*o = -35*o - 437. Calculate the remainder when w is divided by 16.
13
Su